11, 97
List the prime factors of 6847.
41, 167
List the prime factors of 635.
5, 127
List the prime factors of 5434.
2, 11, 13, 19
What are the prime factors of 1450?
2, 5, 29
List the prime factors of 32244.
2, 3, 2687
List the prime factors of 1757.
7, 251
What are the prime factors of 1658?
2, 829
List the prime factors of 4073.
4073
List the prime factors of 3505.
5, 701
What are the prime factors of 1067?
11, 97
List the prime factors of 579.
3, 193
List the prime factors of 8173.
11, 743
List the prime factors of 98292.
2, 3, 8191
List the prime factors of 1279.
1279
List the prime factors of 3703.
7, 23
What are the prime factors of 22580?
2, 5, 1129
What are the prime factors of 3469?
3469
List the prime factors of 2130.
2, 3, 5, 71
What are the prime factors of 405?
3, 5
List the prime factors of 2843.
2843
What are the prime factors of 23190?
2, 3, 5, 773
What are the prime factors of 9470?
2, 5, 947
What are the prime factors of 2556?
2, 3, 71
List the prime factors of 18765.
3, 5, 139
List the prime factors of 3667.
19, 193
List the prime factors of 13599.
3, 1511
List the prime factors of 535.
5, 107
List the prime factors of 724.
2, 181
List the prime factors of 3219.
3, 29, 37
List the prime factors of 4232.
2, 23
List the prime factors of 27325.
5, 1093
What are the prime factors of 2955?
3, 5, 197
What are the prime factors of 835?
5, 167
List the prime factors of 454.
2, 227
What are the prime factors of 7783?
43, 181
List the prime factors of 9721.
9721
What are the prime factors of 9725?
5, 389
List the prime factors of 3513.
3, 1171
List the prime factors of 14748.
2, 3, 1229
What are the prime factors of 31649?
31649
What are the prime factors of 39622?
2, 11, 1801
List the prime factors of 1112.
2, 139
List the prime factors of 35839.
35839
List the prime factors of 39167.
53, 739
List the prime factors of 80799.
3, 23, 1171
List the prime factors of 127.
127
What are the prime factors of 2910?
2, 3, 5, 97
List the prime factors of 244.
2, 61
List the prime factors of 724.
2, 181
What are the prime factors of 8527?
8527
List the prime factors of 17296.
2, 23, 47
What are the prime factors of 11381?
19, 599
What are the prime factors of 1696?
2, 53
List the prime factors of 170.
2, 5, 17
List the prime factors of 11767.
7, 41
What are the prime factors of 158589?
3, 67, 263
List the prime factors of 1666.
2, 7, 17
List the prime factors of 9059.
9059
What are the prime factors of 2426?
2, 1213
What are the prime factors of 449?
449
List the prime factors of 37064.
2, 41, 113
What are the prime factors of 797?
797
List the prime factors of 4098.
2, 3, 683
List the prime factors of 2195.
5, 439
List the prime factors of 900.
2, 3, 5
List the prime factors of 301.
7, 43
List the prime factors of 3894.
2, 3, 11, 59
What are the prime factors of 6579?
3, 17, 43
What are the prime factors of 155?
5, 31
What are the prime factors of 5326?
2, 2663
List the prime factors of 1111.
11, 101
List the prime factors of 1686.
2, 3, 281
List the prime factors of 3600.
2, 3, 5
What are the prime factors of 102?
2, 3, 17
What are the prime factors of 2716?
2, 7, 97
List the prime factors of 1281.
3, 7, 61
What are the prime factors of 1445?
5, 17
List the prime factors of 7205.
5, 11, 131
List the prime factors of 176399.
419, 421
What are the prime factors of 3479?
7, 71
List the prime factors of 933.
3, 311
What are the prime factors of 5080?
2, 5, 127
List the prime factors of 9797.
97, 101
List the prime factors of 433.
433
List the prime factors of 2397.
3, 17, 47
List the prime factors of 2494.
2, 29, 43
List the prime factors of 1586.
2, 13, 61
List the prime factors of 8558.
2, 11, 389
List the prime factors of 746.
2, 373
List the prime factors of 55339.
55339
List the prime factors of 58850.
2, 5, 11, 107
What are the prime factors of 3639?
3, 1213
What are the prime factors of 6064?
2, 379
What are the prime factors of 8579?
23, 373
What are the prime factors of 37863?
3, 7, 601
List the prime factors of 20309.
23, 883
What are the prime factors of 2299?
11, 19
List the prime factors of 1157.
13, 89
What are the prime factors of 24741?
3, 2749
List the prime factors of 1900.
2, 5, 19
What are the prime factors of 48368?
2, 3023
What are the prime factors of 4438?
2, 7, 317
List the prime factors of 200.
2, 5
What are the prime factors of 200?
2, 5
List the prime factors of 75056.
2, 4691
What are the prime factors of 2468?
2, 617
What are the prime factors of 20091?
3, 37, 181
List the prime factors of 101482.
2, 50741
List the prime factors of 765.
3, 5, 17
List the prime factors of 12247.
37, 331
List the prime factors of 2043.
3, 227
List the prime factors of 1604.
2, 401
List the prime factors of 1260.
2, 3, 5, 7
What are the prime factors of 78?
2, 3, 13
What are the prime factors of 1090?
2, 5, 109
What are the prime factors of 20021?
20021
What are the prime factors of 3464?
2, 433
List the prime factors of 2846.
2, 1423
List the prime factors of 310.
2, 5, 31
What are the prime factors of 7830?
2, 3, 5, 29
List the prime factors of 5116.
2, 1279
List the prime factors of 8203.
13, 631
What are the prime factors of 14374?
2, 7187
What are the prime factors of 13209?
3, 7, 17, 37
What are the prime factors of 7502?
2, 11, 31
What are the prime factors of 3061?
3061
What are the prime factors of 88965?
3, 5, 659
What are the prime factors of 274?
2, 137
List the prime factors of 7891.
13, 607
List the prime factors of 2426.
2, 1213
List the prime factors of 7980.
2, 3, 5, 7, 19
What are the prime factors of 5958?
2, 3, 331
What are the prime factors of 7871?
17, 463
What are the prime factors of 1892?
2, 11, 43
What are the prime factors of 3181?
3181
What are the prime factors of 10561?
59, 179
What are the prime factors of 1533?
3, 7, 73
What are the prime factors of 4716?
2, 3, 131
What are the prime factors of 1325?
5, 53
List the prime factors of 7039.
7039
What are the prime factors of 2604?
2, 3, 7, 31
List the prime factors of 14.
2, 7
What are the prime factors of 7460?
2, 5, 373
List the prime factors of 3754.
2, 1877
What are the prime factors of 1006?
2, 503
List the prime factors of 1664.
2, 13
List the prime factors of 10000.
2, 5
What are the prime factors of 8646?
2, 3, 11, 131
List the prime factors of 90401.
90401
List the prime factors of 7578.
2, 3, 421
What are the prime factors of 22498?
2, 7, 1607
What are the prime factors of 13761?
3, 11, 139
What are the prime factors of 19347?
3, 6449
What are the prime factors of 2937?
3, 11, 89
What are the prime factors of 1841?
7, 263
What are the prime factors of 9876?
2, 3, 823
List the prime factors of 5340.
2, 3, 5, 89
List the prime factors of 2288.
2, 11, 13
List the prime factors of 1777.
1777
What are the prime factors of 25913?
25913
List the prime factors of 11139.
3, 47, 79
What are the prime factors of 13033?
13033
What are the prime factors of 463?
463
What are the prime factors of 13158?
2, 3, 17, 43
What are the prime factors of 39319?
7, 41, 137
List the prime factors of 2760.
2, 3, 5, 23
What are the prime factors of 3609?
3, 401
What are the prime factors of 77516?
2, 19379
What are the prime factors of 9691?
11, 881
What are the prime factors of 2060?
2, 5, 103
What are the prime factors of 91187?
67, 1361
List the prime factors of 24047.
139, 173
List the prime factors of 18988.
2, 47, 101
List the prime factors of 23656.
2, 2957
List the prime factors of 767.
13, 59
List the prime factors of 1508.
2, 13, 29
What are the prime factors of 9238?
2, 31, 149
List the prime factors of 196.
2, 7
What are the prime factors of 51962?
2, 25981
List the prime factors of 10380.
2, 3, 5, 173
What are the prime factors of 94192?
2, 7, 29
What are the prime factors of 416?
2, 13
List the prime factors of 15172.
2, 3793
What are the prime factors of 10146?
2, 3, 19, 89
List the prime factors of 5679.
3, 631
List the prime factors of 6121.
6121
What are the prime factors of 5319?
3, 197
What are the prime factors of 4690?
2, 5, 7, 67
What are the prime factors of 34937?
7, 23, 31
List the prime factors of 1215.
3, 5
List the prime factors of 11963.
7, 1709
List the prime factors of 320.
2, 5
What are the prime factors of 28589?
11, 23, 113
What are the